{"id":22,"date":"2021-01-19T05:51:18","date_gmt":"2021-01-19T05:51:18","guid":{"rendered":"https:\/\/www.konstantinova.lv\/?page_id=22"},"modified":"2021-10-14T11:53:00","modified_gmt":"2021-10-14T11:53:00","slug":"ogre","status":"publish","type":"page","link":"https:\/\/www.konstantinova.lv\/?page_id=22","title":{"rendered":"Ogre"},"content":{"rendered":"<table>\n<tbody>\n<tr>\n<td width=\"97\"><strong>\u00a0<\/strong><\/td>\n<td width=\"137\"><strong>\u0100rsta prakses darba laiki<\/strong><\/td>\n<td width=\"142\"><strong>\u0122imenes \u0101rsta pie\u0146em\u0161anas darba laiki<\/strong><\/td>\n<td width=\"132\"><strong>\u0100rsta pal\u012bga pie\u0146em\u0161anas darba laiki<\/strong><\/td>\n<\/tr>\n<tr>\n<td width=\"97\"><strong>Pirmdien<\/strong><\/td>\n<td width=\"137\">8:00 \u2013 16:00<\/td>\n<td width=\"142\">8:15 \u2013 14:00<\/td>\n<td width=\"132\">8:00 \u2013 10:00<\/td>\n<\/tr>\n<tr>\n<td width=\"97\"><strong>Otrdiena<\/strong><\/td>\n<td width=\"137\">8:00 \u2013 16:00<\/td>\n<td width=\"142\">8:00 \u2013 11:00<\/td>\n<td width=\"132\">8:00 \u2013 10:00<\/td>\n<\/tr>\n<tr>\n<td width=\"97\"><strong>Tre\u0161diena<\/strong><\/td>\n<td width=\"137\">8:00 \u2013 16:00<\/td>\n<td width=\"142\">8:15 \u2013 14:00<\/td>\n<td width=\"132\">8:00 \u2013 10:00<\/td>\n<\/tr>\n<tr>\n<td width=\"97\"><strong>Ceturtdiena<\/strong><\/td>\n<td width=\"137\">11:00 \u2013 19:00<\/td>\n<td width=\"142\">13:00 \u2013 19:00<\/td>\n<td width=\"132\">16:00 \u2013 18:00<\/td>\n<\/tr>\n<tr>\n<td width=\"97\"><strong>Piektdiena<\/strong><\/td>\n<td width=\"137\">8:00 \u2013 16:00<\/td>\n<td style=\"text-align: center;\" width=\"142\">&#8211;<\/td>\n<td width=\"132\">8:00 \u2013 10:00<\/td>\n<\/tr>\n<\/tbody>\n<\/table>\n<p>&nbsp;<\/p>\n","protected":false},"excerpt":{"rendered":"<p>\u00a0 \u0100rsta prakses darba laiki \u0122imenes \u0101rsta pie\u0146em\u0161anas darba laiki \u0100rsta pal\u012bga pie\u0146em\u0161anas darba laiki Pirmdien 8:00 \u2013 16:00 8:15 \u2013 14:00 8:00 \u2013 10:00 Otrdiena 8:00 \u2013 16:00 8:00 \u2013 11:00 8:00 \u2013 10:00 Tre\u0161diena 8:00 \u2013 16:00 8:15 \u2013 14:00 8:00 \u2013 10:00 Ceturtdiena 11:00 \u2013 19:00 13:00 \u2013 19:00 16:00 \u2013 18:00 [&hellip;]<\/p>\n","protected":false},"author":1,"featured_media":0,"parent":0,"menu_order":0,"comment_status":"closed","ping_status":"closed","template":"","meta":{"footnotes":""},"class_list":["post-22","page","type-page","status-publish","hentry"],"_links":{"self":[{"href":"https:\/\/www.konstantinova.lv\/index.php?rest_route=\/wp\/v2\/pages\/22","targetHints":{"allow":["GET"]}}],"collection":[{"href":"https:\/\/www.konstantinova.lv\/index.php?rest_route=\/wp\/v2\/pages"}],"about":[{"href":"https:\/\/www.konstantinova.lv\/index.php?rest_route=\/wp\/v2\/types\/page"}],"author":[{"embeddable":true,"href":"https:\/\/www.konstantinova.lv\/index.php?rest_route=\/wp\/v2\/users\/1"}],"replies":[{"embeddable":true,"href":"https:\/\/www.konstantinova.lv\/index.php?rest_route=%2Fwp%2Fv2%2Fcomments&post=22"}],"version-history":[{"count":0,"href":"https:\/\/www.konstantinova.lv\/index.php?rest_route=\/wp\/v2\/pages\/22\/revisions"}],"wp:attachment":[{"href":"https:\/\/www.konstantinova.lv\/index.php?rest_route=%2Fwp%2Fv2%2Fmedia&parent=22"}],"curies":[{"name":"wp","href":"https:\/\/api.w.org\/{rel}","templated":true}]}}